853423 a composite number?
True
Is 1613867 prime?
True
Is 11322931 a composite number?
False
Is 4406277 composite?
True
Is 22081987 a composite number?
True
Is 85567 composite?
True
Is 224341 composite?
True
Is 6077507 a composite number?
False
Is 155146361 composite?
False
Is 92694023 a composite number?
True
Is 46221583 composite?
False
Is 671421923 composite?
False
Is 24324109 a composite number?
False
Is 19943017 a prime number?
True
Is 11777579 composite?
True
Is 2428309 composite?
True
Is 3378565 a prime number?
False
Is 47579603 a composite number?
False
Is 44069689 composite?
True
Is 45019457 a composite number?
True
Is 4420987 composite?
False
Is 3147883 a composite number?
False
Is 195640723 composite?
False
Is 1256441 a composite number?
True
Is 970591 a composite number?
True
Is 109993459 composite?
False
Is 57621563 a composite number?
True
Is 130547831 composite?
False
Is 2065447 a composite number?
True
Is 1121537 a prime number?
False
Is 152187377 a composite number?
True
Is 27391289 a composite number?
False
Is 7553983 a composite number?
True
Is 15663541 a composite number?
False
Is 826869 a prime number?
False
Is 2443505 a prime number?
False
Is 567353203 prime?
False
Is 58555199 a prime number?
False
Is 4727743 a prime number?
True
Is 3230701 a composite number?
True
Is 33965077 a prime number?
True
Is 15702689 composite?
True
Is 201193 a composite number?
False
Is 92044141 a composite number?
True
Is 1974659 prime?
True
Is 14364773 a composite number?
True
Is 3081277 composite?
True
Is 19475717 prime?
False
Is 36124807 prime?
False
Is 492397 composite?
False
Is 449802797 a prime number?
True
Is 6013369 a prime number?
True
Is 4149329 a prime number?
False
Is 681673 a prime number?
True
Is 326621069 prime?
True
Is 355692199 a composite number?
False
Is 2863051 prime?
False
Is 7752769 a prime number?
False
Is 249163 a prime number?
False
Is 829187 a prime number?
True
Is 162861727 a prime number?
False
Is 1875793 a prime number?
True
Is 105184337 a prime number?
False
Is 195623251 a composite number?
True
Is 2067629 composite?
True
Is 8640067 composite?
True
Is 12970303 composite?
True
Is 156899 composite?
False
Is 4737989 prime?
False
Is 224607473 a prime number?
True
Is 32998039 prime?
False
Is 766727 composite?
True
Is 307709 a prime number?
False
Is 4702499 prime?
True
Is 13677487 a prime number?
False
Is 198816161 composite?
False
Is 36474071 prime?
True
Is 2448451 composite?
False
Is 24374659 composite?
True
Is 3092629 a composite number?
False
Is 3120773 composite?
True
Is 197369581 a prime number?
False
Is 8472407 a prime number?
True
Is 1189026373 a composite number?
False
Is 1264423 composite?
True
Is 267272843 composite?
True
Is 6560029 prime?
False
Is 6598237 a prime number?
True
Is 7527283 a composite number?
False
Is 97620973 a composite number?
False
Is 153768023 a prime number?
True
Is 21396113 composite?
True
Is 111141847 a prime number?
False
Is 205504499 prime?
True
Is 142423667 a composite number?
True
Is 111491921 composite?
True
Is 783905 prime?
False
Is 420383 composite?
False
Is 278387 prime?
True
Is 41708957 composite?
True
Is 207732251 a composite number?
True
Is 5683081 prime?
True
Is 4288517 composite?
False
Is 89237 a composite number?
False
Is 931054667 a prime number?
True
Is 14779621 a prime number?
False
Is 17839457 a prime number?
True
Is 3651607 a composite number?
False
Is 3196373 a prime number?
True
Is 54633529 composite?
True
Is 43615049 a composite number?
False
Is 3104551 composite?
False
Is 7289203 prime?
True
Is 24341803 composite?
False
Is 22991405 composite?
True
Is 83932285 a composite number?
True
Is 4540007 prime?
True
Is 34193183 prime?
False
Is 3630139 a composite number?
True
Is 7858241 a prime number?
False
Is 2571806879 a prime number?
True
Is 219051419 prime?
True
Is 3121133 a prime number?
False
Is 1064842 composite?
True
Is 24871031 composite?
False
Is 1002271883 composite?
True
Is 13807265 a composite number?
True
Is 103437637 prime?
False
Is 1730207 composite?
False
Is 210799447 a prime number?
False
Is 115125187 prime?
False
Is 306529 a composite number?
False
Is 825321979 a composite number?
False
Is 72834842 a composite number?
True
Is 8925967 composite?
False
Is 62260179 composite?
True
Is 193513 a composite number?
False
Is 98197709 prime?
True
Is 35397617 prime?
True
Is 7697653 a composite number?
False
Is 782309 composite?
True
Is 6390653 a composite number?
False
Is 2863627 a prime number?
False
Is 8609035 a composite number?
True
Is 2211127 prime?
True
Is 1300421 a prime number?
True
Is 46933603 a prime number?
True
Is 6288017 a composite number?
True
Is 8186939 prime?
False
Is 18130657 composite?
False
Is 97730939 a prime number?
True
Is 40474439 a composite number?
False
Is 9031 a composite number?
True
Is 2288719 prime?
True
Is 26902859 composite?
False
Is 2726603 a composite number?
True
Is 5948507 a composite number?
False
Is 46141163 composite?
False
Is 5757071 a prime number?
True
Is 11244551 composite?
True
Is 452200487 composite?
True
Is 43127209 prime?
False
Is 18715051 a composite number?
False
Is 8053303 prime?
True
Is 69845491 composite?
True
Is 74934193 prime?
True
Is 76028371 a prime number?
True
Is 2613223 prime?
False
Is 13506331 composite?
False
Is 334666697 prime?
False
Is 5856131 a prime number?
True
Is 54413101 a composite number?
True
Is 6449293 composite?
True
Is 2377939 composite?
False
Is 1176313 a prime number?
False
Is 50113373 a composite number?
True
Is 76745155 composite?
True
Is 609751 composite?
False
Is 34236847 a prime number?
True
Is 4546247 a composite number?
False
Is 330383 a prime number?
True
Is 16563487 composite?
False
Is 26924887 prime?
False
Is 14708677 composite?
True
Is 7731593 prime?
True
Is 359081 a prime number?
False
Is 10022749 prime?
False
Is 6049811 a prime number?
True
Is 296383 a composite number?
True
Is 253574339 a prime number?
True
Is 967946143 composite?
False
Is 1241378 composite?
True
Is 11709667 a prime number?
True
Is 154649039 a prime number?
False
Is 8117863 a composite number?
True
Is 2393519 a composite number?
False
Is 2776541 prime?
True
Is 619792729 a prime number?
True
Is 8242601 a prime number?
False
Is 2316893281 a composite number?
False
Is 271152881 prime?
True
Is 9302107 a composite number?
True
Is 15772811 prime?
False
Is 6713482 a prime number?
False
Is 82605671 composite?
False
Is 6310393 a composite number?
True
Is 1201559 composite?
False
Is 100461497 composite?
False
Is 13309169 a composite number?
False
Is 235776193 a prime number?
True
Is 11814091 composite?
False
Is 209765639 prime?
True
Is 19035959 a prime number?
False
Is 8314157 a prime number?
True
Is 2185977 a composite number?
True
Is 3089657 a composite number?
False
Is 114143 composite?
False
Is 2766007 composite?
False
Is 2148079 composite?
True
Is 39124051 a prime number?
True
Is 320743 prime?
False
Is 9416171 prime?
True
Is 3349903 a prime number?
True
Is 213547237 a prime number?
True
Is 191757811 prime?
False
Is 266417003 prime?
True
Is 1451927 composite?
True
Is 6741767 composite?
False
Is 14076167 prime?
False
Is 756579 prime?
False
Is 22378687 a prime number?
False
Is 13824119 a prime number?
True
Is 808038419 a composite number?
False
Is 270869983 a prime number?
False
Is 128887 prime?
False
Is 30845813 a composite number?
True
Is 23235869 prime?
False
Is 114562031 a composite number?
True
Is 3451849 a prime number?
False
Is 26242109 prime?
True
Is 598963 composite?
False
Is 21227993 a composite number?
False
Is 121532141 a composite number?
True
Is 2685329 a composite number?
True
Is 3432747 composite?
True
Is 16473881 a prime number?
False
Is 51012419 composite?
False
Is 365245919 a composite number?
False
Is 3970315 a composite number?
True
Is 7190791 a prime number?
False
Is 15336733 a composite number?
False
Is 23910737 a prime number?
True
Is 124491749 prime?
True
Is 1625471 a composite number?
False
Is 48988033 composite?
True
Is 313898977 a prime number?
False
Is 723508519 composite?
False
Is 86090369 composite?
False
Is 2389781 a composite number?
False
Is 266465909 prime?
True
Is 950697601 composite?
True
Is 8893153 prime?
True
Is 120366143 composite?
True
Is 5452703 a composite number?
False
